8373?
4
What is the hundred thousands digit of 80467974?
4
What is the millions digit of 137465762?
7
What is the millions digit of 93620530?
3
What is the units digit of 550534114?
4
What is the units digit of 187806198?
8
What is the hundreds digit of 3004879216?
2
What is the ten thousands digit of 13225393?
2
What is the tens digit of 3787060536?
3
What is the ten millions digit of 57450258?
5
What is the ten millions digit of 175804566?
7
What is the hundred millions digit of 261799102?
2
What is the hundred millions digit of 112903626?
1
What is the thousands digit of 4655089069?
9
What is the thousands digit of 63579259?
9
What is the hundreds digit of 1816378425?
4
What is the thousands digit of 921032?
1
What is the thousands digit of 234209412?
9
What is the hundreds digit of 1314144716?
7
What is the hundreds digit of 2924729272?
2
What is the millions digit of 1147455283?
7
What is the ten thousands digit of 1702904383?
0
What is the ten thousands digit of 669826778?
2
What is the units digit of 2037867700?
0
What is the hundred thousands digit of 35200923?
2
What is the ten thousands digit of 1069818688?
1
What is the hundreds digit of 76423935?
9
What is the hundred thousands digit of 44354578?
3
What is the hundreds digit of 134109280?
2
What is the hundred thousands digit of 38376937?
3
What is the hundred thousands digit of 219047560?
0
What is the thousands digit of 70869645?
9
What is the ten millions digit of 2302078571?
0
What is the ten millions digit of 12569482?
1
What is the tens digit of 11899953?
5
What is the hundred thousands digit of 83526419?
5
What is the hundreds digit of 54273127?
1
What is the billions digit of 5061994265?
5
What is the hundred millions digit of 334452681?
3
What is the billions digit of 8893638851?
8
What is the ten thousands digit of 90516485?
1
What is the ten thousands digit of 13811137?
1
What is the millions digit of 1406552895?
6
What is the thousands digit of 329450973?
0
What is the thousands digit of 393458424?
8
What is the hundred thousands digit of 515870240?
8
What is the hundreds digit of 56795766?
7
What is the hundred thousands digit of 348683318?
6
What is the thousands digit of 4954256538?
6
What is the hundred thousands digit of 56859643?
8
What is the ten thousands digit of 331592446?
9
What is the thousands digit of 915020115?
0
What is the hundred thousands digit of 61364671?
3
What is the ten thousands digit of 11523806?
2
What is the hundred thousands digit of 14649444?
6
What is the units digit of 691608677?
7
What is the hundred thousands digit of 501546836?
5
What is the thousands digit of 3946732244?
2
What is the units digit of 6662240?
0
What is the ten thousands digit of 316259096?
5
What is the ten millions digit of 35525125?
3
What is the hundred millions digit of 226966979?
2
What is the millions digit of 605995489?
5
What is the ten thousands digit of 1728990939?
9
What is the millions digit of 110697491?
0
What is the ten thousands digit of 44233234?
3
What is the billions digit of 8077972279?
8
What is the hundreds digit of 3801658001?
0
What is the thousands digit of 232646394?
6
What is the hundreds digit of 10586931?
9
What is the ten thousands digit of 1348519211?
1
What is the hundreds digit of 8133069?
0
What is the tens digit of 21593333?
3
What is the millions digit of 1040572146?
0
What is the ten millions digit of 3055306414?
5
What is the ten thousands digit of 112476829?
7
What is the ten thousands digit of 4173273554?
7
What is the ten millions digit of 91592030?
9
What is the tens digit of 69948040?
4
What is the hundred millions digit of 2244508248?
2
What is the thousands digit of 36828854?
8
What is the millions digit of 26793293?
6
What is the hundred thousands digit of 35209939?
2
What is the thousands digit of 208636200?
6
What is the millions digit of 55304418?
5
What is the hundreds digit of 117717566?
5
What is the ten thousands digit of 4053028246?
2
What is the hundred thousands digit of 109475882?
4
What is the hundreds digit of 9109431?
4
What is the millions digit of 425205866?
5
What is the hundred thousands digit of 42029795?
0
What is the units digit of 351904184?
4
What is the hundreds digit of 27597801?
8
What is the hundred thousands digit of 17337735?
3
What is the ten millions digit of 191597332?
9
What is the hundred thousands digit of 502676977?
6
What is the thousands digit of 71282453?
2
What is the hundred millions digit of 192494962?
1
What is the hundred thousands digit of 354950468?
9
What is the billions digit of 7276240844?
7
What is the thousands digit of 40064564?
4
What is the thousands digit of 31113113?
3
What is the ten millions digit of 2788829603?
8
What is the tens digit of 25560263?
6
What is the hundred thousands digit of 435785859?
7
What is the hundreds digit of 2575592073?
0
What is the hundreds digit of 16214019?
0
What is the hundred thousands digit of 1322194284?
1
What is the units digit of 323837663?
3
What is the millions digit of 2077015220?
7
What is the ten thousands digit of 3031498631?
9
What is the ten thousands digit of 1098166823?
6
What is the hundred millions digit of 787838908?
7
What is the tens digit of 38306387?
8
What is the units digit of 47346663?
3
What is the ten thousands digit of 61472269?
7
What is the units digit of 43747543?
3
What is the millions digit of 1486568254?
6
What is the millions digit of 198426112?
8
What is the thousands digit of 516788120?
8
What is the ten thousands digit of 3402731330?
3
What is the hundred thousands digit of 47344222?
3
What is the ten millions digit of 177408000?
7
What is the millions digit of 193195695?
3
What is the thousands digit of 75426833?
6
What is the ten millions digit of 1668075676?
6
What is the billions digit of 4778007787?
4
What is the ten millions digit of 1338388690?
3
What is the ten thousands digit of 1082648657?
4
What is the millions digit of 111500283?
1
What is the hundreds digit of 154260858?
8
What is the billions digit of 2158669182?
2
What is the hundreds digit of 3985308775?
7
What is the billions digit of 5660495496?
5
What is the thousands digit of 48669431?
9
What is the hundred thousands digit of 40850958?
8
What is the millions digit of 38119544?
8
What is the thousands digit of 24092890?
2
What is the millions digit of 43709673?
3
What is the hundred thousands digit of 2670083437?
0
What is the units digit of 42711396?
6
What is the thousands digit of 5880503?
0
What is the tens digit of 173682881?
8
What is the hundred millions digit of 4443548734?
4
What is the hundreds digit of 2196378445?
4
What is the hundred millions digit of 4603283931?
6
What is the hundreds digit of 279837956?
9
What is the hundreds digit of 28899243?
2
What is the ten thousands digit of 602349522?
4
What is the thousands digit of 58997485?
7
What is the units digit of 591544640?
0
What is the ten millions digit of 100437755?
0
What is the tens digit of 20332202?
0
What is the thousands digit of 234798125?
8
What is the units digit of 57837392?
2
What is the thousands digit of 7032367?
2
What is the hundred millions digit of 1280427343?
2
What is the hundreds digit of 189996953?
9
What is the tens digit of 16805766?
6
What is the ten thousands digit of 58190469?
9
What is the ten thousands digit of 26681954?
8
What is the hundred thousands digit of 1935943?
9
What is the hundreds digit of 157345742?
7
What is the ten millions digit of 66251544?
6
What is the hundred thousands digit of 71347174?
3
What is the tens digit of 4035404834?
3
What is the ten thousands digit of 347368649?
6
What is the hundred thousands digit of 1949738404?
7
What is the ten millions digit of 186732255?
8
What is the thousands digit of 181929237?
9
What is the hundred thousands digit of 288616794?
6
What is the millions digit of 37269723?
7
What is the units digit of 268151188?
8
What is the tens digit of 59430186?
8
What is the thousands digit of 4776821?
6
What is the hundred millions digit of 196645110?
1
What is the hundred thousands digit of 35937428?
9
What is the hundreds digit of 476400434?
4
What is the ten thousands digit of 865152065?
5
What is the units digit of 60278710?
0
What is the ten millions digit of 2442154109?
4
What is t